digit of j?
7
Let y(i) be the third derivative of 0*i - 6*i**2 + 3/8*i**4 + 13/6*i**3 + 0. What is the tens digit of y(7)?
7
Let b = 135 + -100. What is the tens digit of 7/(b/20) - -29?
3
Suppose -i = -3*i + 14. Let j be (0 - -1)*(i + -4). Suppose -4*a = -j*k + 623, 4*k - k + 5*a = 659. What is the tens digit of k?
1
Let f be (-6)/(-8 - -1 - -6). What is the units digit of ((-2922)/18 - 3)/(f/(-9))?
8
Let m(o) = 294*o**2 - 1. Let v be m(1). Suppose -j - 5*b + v = 0, -2*j + 2*b = -702 + 56. What is the units digit of j?
8
Suppose 10*z - 5*z + 270 = 0. Let h = -53 - z. What is the units digit of (3*h)/((5 + -7)/(-6))?
9
Let z = 6567 - 974. What is the units digit of z?
3
Let q(f) = 62*f + 8. Let a = -473 + 479. What is the units digit of q(a)?
0
Let j be 0/((6/(-9))/((-4)/6)). Suppose j = 2*l + 150 + 2. Let w = 155 + l. What is the units digit of w?
9
Suppose 0 = 255*f - 71*f - 1141720. What is the tens digit of f?
0
Let x = 62 - 67. Let k(y) = y**3 + 5*y**2 - y - 1. Let j be k(x). Suppose -j*o - 4 = 0, -r + 2*o = r - 94. What is the units digit of r?
6
Let j(u) = -35*u + 16. Let k(s) = 212*s - 96. Let t(x) = 34*j(x) + 6*k(x). What is the tens digit of t(3)?
1
Suppose -12 = 3*o, -3*y + o = -o - 83. Let r(i) = -102*i - 321. Let l be r(-3). What is the units digit of -5*l/y - -48?
1
Let d(u) = -784*u - 2262. What is the tens digit of d(-28)?
9
Let q = -311 - 23. Let s = 99 - q. What is the tens digit of s?
3
Suppose -2*b + 22 = -20. Let v = b + -17. Suppose -n = v*m - 61, -3*m - 6 = -m. What is the tens digit of n?
7
Let w = 6527 + 1465. What is the units digit of w?
2
Let h(d) = 21*d**2 - 101*d - 1391. What is the tens digit of h(-13)?
7
Suppose 4*h - 3*k = 6076, -904 = -h + 4*k + 628. What is the units digit of h?
6
Suppose -66*q = -21*q - 133425. What is the units digit of q?
5
Suppose -2*c = 2*s + 2*s - 22, -c = -5*s + 17. Suppose m + c*a - 460 = a, 0 = -4*a. What is the hundreds digit of m?
4
Suppose -q - 3*d + 13 = 0, -2*d + 9 = q - 0*q. Let z = 15 + q. What is the units digit of (0 - -1 - 2) + 2848/z?
7
Let w(u) = -u**3 + 8*u**2 - 7*u + 9203. What is the tens digit of w(0)?
0
Let t(q) = q**3 + 4*q**2 - 3*q + 12. Let j be t(-5). Suppose j*g = 9*g - 1631. What is the units digit of g?
3
Suppose -3*z + 4559 = p, 2*p - 6268 - 2800 = 4*z. What is the hundreds digit of p?
5
Let d(g) = g**3 + 21*g**2 + 14*g - 103. Let v be d(-20). What is the tens digit of v - 4/(-6 - -8)?
1
Let w = 69 - 36. Let b be (((-9)/(-2))/(-3))/(w/(-110)). Suppose b*x - 861 + 156 = 0. What is the hundreds digit of x?
1
Let u be ((-56)/21)/(8/(-6)). Let k(i) = 214*i**3 + 4*i + 4. What is the units digit of k(u)?
4
Let l = 121 + -122. Let r be l/(3 + 1 + -3)*4. What is the hundreds digit of (-3 - r) + -5 - -110 - 2?
1
Suppose -4*y - 16964 = k + k, 8492 = -k - 4*y. What is the thousands digit of ((-2)/1)/(5 + 42376/k)?
1
Let h be (-4)/(-8) + 275/2 + 3. Let i = h - 87. What is the tens digit of i?
5
Let o = -78 - -92. Let a(v) = 4*v**2 - 34*v + 12. What is the tens digit of a(o)?
2
What is the hundreds digit of (5/(-6) - 17/(-34))/(10/(-98730))?
2
Suppose -10*y + 19*y = 2133. Let a(v) = 10*v**3 - v**2 - 2*v + 1. Let i be a(1). Let j = y - i. What is the tens digit of j?
2
Suppose -3*j - 74 + 332 = 0. Let h = 38 - j. Let v = h - -114. What is the tens digit of v?
6
Suppose -n + 23*h - 19*h = -15117, 5*n = 4*h + 75633. What is the tens digit of n?
2
Suppose -2*s = k + 2*k - 67, 2*k + 3*s - 38 = 0. Suppose 3*j = -d + 217 + k, 5*j = -d + 238. What is the hundreds digit of d?
2
Suppose 18*l - 13*l + 23107 = 4*s, -4*s = 2*l - 23086. What is the units digit of s?
3
Suppose 7*v + 7*v = 56. Suppose 0 = 5*s - v*k + 504 - 4683, -3*s + 2*k + 2509 = 0. What is the hundreds digit of s?
8
Let t be 0/(-7) - (2 - -947). Let g = -846 - t. What is the hundreds digit of g?
1
Let f(t) be the third derivative of -t**4/12 + 2*t**3 + t**2. Let q be f(1). Suppose q*v - 210 = 4*v. What is the tens digit of v?
3
Suppose 0 = -m + 109*x - 110*x + 6210, 3*x = 21. What is the units digit of m?
3
Let z(i) = -i + 23. Let u be z(-9). Suppose -u*f = -39*f + 9723. What is the units digit of f?
9
Suppose -16441 = -t - k, 0 = -5*t - k + 101827 - 19614. What is the ten thousands digit of t?
1
Let p = 53 - 53. Suppose p = 5*i - 2*c - 4, -5*c - 4 = -i - 3*c. Suppose i = -4*z - z + 3*t + 360, -5*z + 340 = t. What is the units digit of z?
9
Let f(q) be the second derivative of 5*q**4/12 + q**3/6 + 3*q**2 - 177*q. Let k be 3/3*-6 + 3. What is the tens digit of f(k)?
4
Let c = 27 - 27. Suppose -8*i + 3536 - 696 = c. Suppose -i + 65 = -2*v. What is the hundreds digit of v?
1
Let i = -268 - -476. Let l = -171 + i. What is the units digit of l?
7
Let o(n) = 6*n**2 + 6*n - 5. Let x be (17/2 + -5)*-2. What is the tens digit of o(x)?
4
Suppose 0*m = -4*m - 28. Let h(o) = 9*o**2 + 9*o + 12. Let c be h(m). Suppose -c = 12*p - 17*p. What is the units digit of p?
8
Let i = 18603 - -23185. What is the hundreds digit of i?
7
Let z(t) = -148*t + 10 + 21*t - 3 + 4. What is the hundreds digit of z(-2)?
2
Let o = 209 - 410. Let i = o + 314. What is the tens digit of i?
1
Let r = -18655 + 31139. What is the tens digit of r?
8
Let y = 368 - 361. What is the thousands digit of (y - 6*2/4) + 1151?
1
Suppose -23*k = 69*k + 42*k - 437376. What is the units digit of k?
4
Let i = -290 - -662. Let q = i - -580. Suppose 5*m = -3*m + q. What is the tens digit of m?
1
Suppose -8*s = -100 + 68. Suppose -k + 830 = s*y, 2157 = 4*k + 4*y - 1139. What is the units digit of k?
2
Suppose 4*y = 4*s + 75820, -230*y - 56841 = -233*y - s. What is the thousands digit of y?
8
Let p be -6*(10/12 + (-1)/(-6)). Let t(y) = -65*y - 38. What is the tens digit of t(p)?
5
Let j = 893 + -2136. Let q = -172 - j. What is the units digit of q?
1
Let m(q) = -4*q - 28. Let o be -6 + 6/(-3) + (-2 - -3). Let s be m(o). Suppose -j + f + 28 + 10 = s, 5*j = 4*f + 194. What is the tens digit of j?
4
Let f(x) = -24*x - 2. Let p be f(-1). Suppose r - k + 3*k - p = 0, -r = 5*k - 10. What is the tens digit of r - (-3)/(9/12)?
3
What is the units digit of 30/(-45) + (139 + -39)/(6/5086)?
6
Let x(k) = 8*k**3 - 7*k**2 + 7*k. Suppose 0 = 19*y + 319 + 2417. Let m = -141 - y. What is the hundreds digit of x(m)?
1
Let q = -1947 + 8464. Suppose -30065 - q = -26*k. What is the tens digit of k?
0
Let x(w) = 49*w**2 + 2*w - 1. Let f(a) = a**3 - 5*a**2 + a - 3. Let b be f(5). Suppose 72 - 74 = -b*u. What is the units digit of x(u)?
0
Suppose 757 = 2*a - 2659. What is the hundreds digit of a?
7
Let h(k) be the third derivative of 63*k**4/2 + k**3/6 - 9*k**2 + 9. What is the units digit of h(1)?
7
What is the tens digit of (3962/(-3))/(2 - 133/57)?
6
Let w = 917 + 2482. Suppose -6870 = -21*d + w. What is the tens digit of d?
8
Suppose -6*s - 16 = 2*t - 4*s, 12 = 2*t - 5*s. Let x be 0/(5 + t) - -14. What is the tens digit of (816/x - (-6)/(-21)) + -2?
5
Suppose 168*i - 58000 = 160*i. What is the units digit of i?
0
Suppose 2*t = 5*k + 3*t - 31365, 0 = -3*k - 2*t + 18826. Suppose -124*l - k = -131*l. What is the tens digit of l?
9
Let z(x) be the third derivative of 3*x**5/20 - 2*x**4/3 - 9*x**3/2 - 2*x**2 + 13. What is the tens digit of z(-6)?
9
Suppose -5*d = -10*d - 15. Suppose 80*i - 54 = 78*i. Let w = i - d. What is the units digit of w?
0
Let r(z) = 46*z - 956 - 255*z + 960. Let s be r(-2). What is the units digit of s/4*(-40)/(-20)?
1
Let y be -3 - (10 + (-28)/7). What is the units digit of (-6)/10 - ((-12636)/(-15))/y?
3
Let j(i) = -875*i + 4383. What is the ten thousands digit of j(-24)?
2
Let n(y) = -y**2 - 35*y - 132. Let i be n(-30). Suppose p = -3*d + 889, i = -3*p - d + 2645. What is the hundreds digit of p?
8
Let a(r) = -r - 1. Let h be a(1). Let n be 4 - (h + 2)*-1. Suppose j + 56 = n*g + 2*j, 0 = -5*g + 5*j + 95. What is the units digit of g?
5
Let r(h) = 48 + 56*h**2 - 15*h - 3*h - 3*h**2. What is the tens digit of r(3)?
7
Let x(a) = 12*a - 71. Let g be x(12). Suppose -78*h = -g*h - 2555. What is the tens digit of h?
1
Let x = 39 - 40. Let o(u) = -72*u**3 + 3*u**2 + 3*u. What is the units digit of o(x)?
2
Let s(u) = -u + 53. Let a be s(13). Let f = a - 40. Suppose f = 2*o + 4*o - 372. What is the tens digit of o?
6
Let y = -13 - -17. Let k = 30 - y. Suppose -5*u + 154 = -4*b, 